hest common divisor of 4914 and r?
189
Suppose -4*k + 30*k = 156. Suppose k*o - 361 - 659 = 0. Calculate the highest common divisor of o and 136.
34
Suppose -v + 33 = 5*x, -3*x - 131 = 8*v - 10*v. What is the highest common divisor of 5162 and v?
58
Suppose 99 = 3*u + 2*t, -30 - 102 = -4*u + 5*t. Let j = 45610 + -45478. What is the highest common divisor of u and j?
33
Let d = 50 + -24. Let v = -9 + 14. Suppose v*y + 0*n - 3*n - 337 = 0, 2*n - 317 = -5*y. Calculate the highest common divisor of d and y.
13
Let m be 12 + 142 - (-1 - (1 + -2)). Suppose -j + 28 = 2*y + j, 5*j = -y + 14. What is the greatest common factor of m and y?
14
Suppose -17*l = 6*l - 1049 - 469. Calculate the highest common divisor of l and 3072.
6
Let w be 16 - ((63/(-9) - -5) + 0). What is the greatest common divisor of 3582 and w?
18
Let v(l) = l**3 + 12*l**2 - 14*l - 18. Let h be v(-13). Let p be (-75)/(h + 2) - -1. Let g = 321 + -217. What is the highest common divisor of p and g?
26
Let o = -62 + 65. Suppose o*z = 303 - 153. Calculate the highest common divisor of z and 6.
2
Suppose 2*u - 2939 + 2921 = 0. Calculate the highest common divisor of 2061 and u.
9
Let b be (-7)/2*(-72)/210 + (-15690)/(-50). Calculate the highest common factor of 385 and b.
35
Suppose -5*p - 4*p = 423. Let w = -24 - p. Let f = w - 11. What is the highest common factor of f and 60?
12
Let f be ((-6)/(-8))/(5/(-40)). Let z be (11 - 9)*f/(-4). Let u be (-2107)/(-21) - 4/z. Calculate the highest common factor of 9 and u.
9
Suppose i - 2*h - 375 = -4*i, 0 = 5*i + 4*h - 405. Calculate the greatest common factor of 14 and i.
7
Let m(c) = 6*c - 2*c - 1 - 4*c**2 - 6*c - 5*c**3. Suppose 45*z + 98 = -4*z. Let v be m(z). What is the highest common factor of v and 216?
27
Suppose 0 = 6*s - 2*s - 60. Let y = -1676 - -1916. What is the greatest common factor of s and y?
15
Let r(o) = -o**2 - 30*o + 10. Let m be r(-30). Suppose -216 = m*i - 34*i. Let y = 58 - 31. Calculate the greatest common factor of i and y.
9
Let t(z) = -2*z**3 - 175*z**2 - 422*z + 387. Let p be t(-85). What is the highest common factor of 1936 and p?
44
Suppose -3*n - 79*g = -78*g - 219, 0 = -3*g - 18. What is the highest common divisor of n and 1800?
75
Let s = 3073 + -1273. What is the greatest common factor of s and 495?
45
Let x(g) = -18*g - 17. Let q be x(-29). Suppose -5*o - 9 + 809 = -5*n, -3*o - 2*n + q = 0. What is the greatest common divisor of 66 and o?
33
Suppose 5*x - i = 4, -8*x + 7*x - 5*i = 20. Suppose 5*f + x*b - 18 = 2*b, b + 2 = -f. What is the highest common divisor of 98 and f?
2
Suppose 0 = -5*b - 2*t + 5453, 5*b - 4*b + 3*t = 1101. Calculate the highest common factor of 198 and b.
99
Suppose -k = -3*k + 222. Suppose -343*o + 366*o - 2737 = 0. Let d = o - k. Calculate the greatest common divisor of d and 1.
1
Let d(v) = -10*v - 2. Suppose 4*n + 4*c + 22 = n, -2*n + c = 0. Let q be d(n). Calculate the highest common factor of q and 63.
9
Let y be (-38612)/(-18) + 11/(-693)*7. What is the highest common factor of y and 780?
195
Let p = -16394 - -16398. Calculate the greatest common divisor of p and 244.
4
Suppose 0 = -3*g - 21, 4*m - 1807 = -8*m + g. Calculate the greatest common divisor of m and 645.
15
Let i = 16 - -59. Suppose -2*o + 58 = -11*d + 10*d, 0 = -5*o + d + 148. Calculate the greatest common factor of i and o.
15
Suppose -5*a + 1570 = -969 + 814. What is the greatest common divisor of 46 and a?
23
Let d be 46/6 + -3 - 6/9. Let c be (-106 + 0 + -4)*d/(-10). Calculate the greatest common divisor of c and 16.
4
Let p be (-1 - -2)/(10/30). Suppose 0*w - 31 = -3*x - w, -4*x - p*w = -43. Let j be (2*5/x)/((-1)/(-144)). What is the greatest common factor of 18 and j?
18
Let r(v) = -v**3 + v**2 + 143*v + 54. Let g be r(-12). Calculate the highest common factor of 14910 and g.
210
Let n = -14630 - -14762. Suppose 6*u - 300 = u. Suppose -u = -3*m + 39. What is the highest common factor of n and m?
33
Let v be (-1 - -51)*34/(-153)*-9. What is the highest common divisor of 130 and v?
10
Let n(g) = g**3 - 37*g**2 + 792*g - 4971. Let m be n(10). Let j be 1 - (-4)/(1 - -1). Calculate the greatest common factor of m and j.
3
Let p(i) = -2*i**3 + 15*i**2 + 17*i + 13. Let m be p(8). Let w be (41 - 7)*(-6)/(-12). What is the greatest common divisor of w and m?
17
Let j be (19/(-57))/((-2)/30). Suppose -152 + 42 = -j*h. What is the greatest common divisor of 198 and h?
22
Let z = 165 + -109. Let w = -1172 - -1242. What is the greatest common factor of w and z?
14
Let t be 8643 - (-19)/(380/(-160)). What is the highest common factor of 55 and t?
55
Suppose -216 = -2*u - 4*q + 7*q, 3*u = 2*q + 319. Calculate the highest common factor of u and 455.
35
Suppose 6*x - r + 2 = x, 0 = -4*x + r - 2. Suppose x = -6*n - 32 + 140. Suppose -n = -2*f + 112. Calculate the highest common factor of 13 and f.
13
Suppose 21*y + 240 = 23*y. Suppose 4*j + 11 = -9. Let h(g) = -4*g + 4. Let x be h(j). What is the highest common factor of y and x?
24
Suppose 78 = 5*y + 13. Suppose 0 = -y*g + 1049 + 2526. Calculate the greatest common divisor of g and 25.
25
Suppose -37*l + 10*l + 846 = -4014. What is the greatest common divisor of l and 140?
20
Suppose -39 = -29*n + 26*n. Let s = -79 + 82. Suppose -5*t + 235 = -0*z + 5*z, -4*z = -s*t + 176. Calculate the greatest common divisor of n and t.
13
Let y = 267 - 266. Let u be 44243/151 - -3*(0 - y). Calculate the greatest common divisor of 10 and u.
10
Suppose -9*o + 10*o - 2 = 0. Let q be 24/(-30)*1/o*-10. Let a(p) = -2*p**2 + 10*p + 1. Let b be a(q). Calculate the greatest common factor of b and 36.
9
Let d(b) = 72*b - 344. Let s be d(50). Calculate the highest common factor of s and 8.
8
Let n(h) = 20*h**3 - 3*h**2 + 4*h - 3. Let m be n(3). What is the greatest common divisor of 567 and m?
9
Let c be ((-82)/12)/(-2 - (-33)/18). Calculate the greatest common factor of 2173 and c.
41
Suppose 0 = 2*b - 4*b + 5*d + 10, b - 5 = 5*d. Suppose 4*p + 64 = w, 2*p + b = -3. Let j be ((-7)/(-1))/(8/w). What is the highest common divisor of 28 and j?
14
Suppose -4*j - 75*j + 316 = 0. Let u be 6/4 + (-345)/(-10). What is the highest common divisor of u and j?
4
Let s(y) = 3*y**3 + 53*y**2 - 79*y - 43. Let a be s(-19). Calculate the greatest common factor of a and 553.
7
Let n be ((-2)/4 - -3)*4. Suppose -n*y + 59 + 11 = 0. Suppose -2*h - 50 = -y*h. What is the highest common factor of 4 and h?
2
Let q(x) = -8*x**2 - 153*x - 23. Let p be q(-17). What is the highest common factor of 1520 and p?
38
Let t(b) = -2*b + 26. Let p be t(13). Suppose -4*a - z - z + 110 = 0, p = -2*a + 4*z + 30. Let i = 7 + a. Calculate the highest common divisor of 224 and i.
32
Suppose -5*q + 90 + 45 = 0. Let a be -22*q/24*-4. Let b be (-133)/(-12) + (-450)/(-30) + 181/(-12). What is the highest common divisor of a and b?
11
Suppose 4*c = 3*m - 6 + 17, -3*m = 3. Let b = -837 + 821. Let o be 16/6 + (-13)/(156/b). What is the highest common factor of o and c?
2
Let n = 11794 + -11632. What is the highest common factor of 3294 and n?
54
Let y(g) = g**3 + 10*g**2 - 16*g - 44. Let m be y(-6). Suppose 32 = -o + 81. Calculate the greatest common divisor of o and m.
49
Let v(m) = -m**3 - 18*m**2 + 75*m - 188. Let o be v(-22). Calculate the greatest common factor of 16366 and o.
98
Suppose 0*m - 6*m = -m + 4*s - 313, -300 = -25*s. Let d(j) = 126*j**3 - j**2 + 3*j - 3. Let y be d(2). What is the highest common divisor of m and y?
53
Let j = 176 + -283. Suppose 149 = t + 5*l, 3*t + 5*l = 384 + 43. Let s = t + j. What is the greatest common divisor of 64 and s?
32
Suppose -179*l = 2*n - 176*l - 345, -4*n - 3*l = -681. What is the greatest common divisor of n and 80?
8
Suppose 4*i + 17 = 3*h + 3*i, 3*h + 5*i - 23 = 0. Calculate the greatest common factor of 3342 and h.
6
Suppose -10*h + 8*h = -4*d + 10, 4*h = 3*d - 5. What is the greatest common divisor of h and 2022?
1
Let z(q) = 171*q + 171*q + 60 - 357*q + 4*q**2 - 3*q**2. Let o be z(4). Calculate the greatest common factor of 1 and o.
1
Let n = -24 - -44. Let z = 98 + -73. Suppose 434 = z*a - 66. What is the greatest common factor of a and n?
20
Let q(k) = -k**3 - 45*k**2 - 47*k - 102. Let d be q(-44). Let c = 119 + -59. Calculate the greatest common divisor of d and c.
30
Let f = 2501 + -14